{"id":182,"date":"2024-02-12T21:27:44","date_gmt":"2024-02-12T21:27:44","guid":{"rendered":"https:\/\/caeterarecords.com\/?page_id=182"},"modified":"2024-09-18T18:05:14","modified_gmt":"2024-09-18T18:05:14","slug":"home","status":"publish","type":"page","link":"https:\/\/caeterarecords.com\/","title":{"rendered":"Home"},"content":{"rendered":"\t\t<div data-elementor-type=\"wp-page\" data-elementor-id=\"182\" class=\"elementor elementor-182\">\n\t\t\t\t<div class=\"elementor-element elementor-element-c348bc3 e-grid e-con-boxed e-con e-parent\" data-id=\"c348bc3\" data-element_type=\"container\">\n\t\t\t\t\t<div class=\"e-con-inner\">\n\t\t\t\t<div class=\"elementor-element elementor-element-undefined-275154d elementor-widget-mobile__width-initial elementor-widget elementor-widget-image\" data-id=\"undefined-275154d\" data-element_type=\"widget\" data-widget_type=\"image.default\">\n\t\t\t\t<div class=\"elementor-widget-container\">\n\t\t\t\t\t\t\t\t\t\t\t\t\t\t\t\t<a href=\"https:\/\/linkbio.co\/DomChris\" target=\"_blank\">\n\t\t\t\t\t\t\t<img fetchpriority=\"high\" decoding=\"async\" width=\"500\" height=\"500\" src=\"https:\/\/i0.wp.com\/caeterarecords.com\/wp-content\/uploads\/2024\/02\/NEW_SINGLE_AVAILABLE_NOW_FLYER_TEMPLATE_-_Fait_avec_PosterMyWall-removebg-preview.png?fit=500%2C500&amp;ssl=1\" class=\"elementor-animation-float attachment-large size-large wp-image-167\" alt=\"NEW_SINGLE_AVAILABLE_NOW\" \/>\t\t\t\t\t\t\t\t<\/a>\n\t\t\t\t\t\t\t\t\t\t\t\t\t\t\t<\/div>\n\t\t\t\t<\/div>\n\t\t\t\t<div class=\"elementor-element elementor-element-undefined-6a5fec5 elementor-widget-mobile__width-initial elementor-widget elementor-widget-image\" data-id=\"undefined-6a5fec5\" data-element_type=\"widget\" data-widget_type=\"image.default\">\n\t\t\t\t<div class=\"elementor-widget-container\">\n\t\t\t\t\t\t\t\t\t\t\t\t\t\t\t\t<a href=\"https:\/\/linkbio.co\/DomChris\" target=\"_blank\">\n\t\t\t\t\t\t\t<img decoding=\"async\" width=\"500\" height=\"500\" src=\"https:\/\/i0.wp.com\/caeterarecords.com\/wp-content\/uploads\/2024\/04\/WhatsApp_Image_2024-04-22_at_4.36.24_AM-removebg-preview.png?fit=500%2C500&amp;ssl=1\" class=\"elementor-animation-float attachment-large size-large wp-image-224\" alt=\"\" \/>\t\t\t\t\t\t\t\t<\/a>\n\t\t\t\t\t\t\t\t\t\t\t\t\t\t\t<\/div>\n\t\t\t\t<\/div>\n\t\t\t\t<div class=\"elementor-element elementor-element-09501dc elementor-widget-mobile__width-initial elementor-widget elementor-widget-image\" data-id=\"09501dc\" data-element_type=\"widget\" data-widget_type=\"image.default\">\n\t\t\t\t<div class=\"elementor-widget-container\">\n\t\t\t\t\t\t\t\t\t\t\t\t\t\t\t\t<a href=\"https:\/\/linkbio.co\/DomChris\" target=\"_blank\">\n\t\t\t\t\t\t\t<img decoding=\"async\" width=\"500\" height=\"500\" src=\"https:\/\/i0.wp.com\/caeterarecords.com\/wp-content\/uploads\/2024\/09\/NEW_SINGLE_AVAILABLE_NOW_FLYER_TEMPLATE_-_Fait_avec_PosterMyWall__1_-removebg-preview.png?fit=500%2C500&amp;ssl=1\" class=\"elementor-animation-float attachment-large size-large wp-image-287\" alt=\"\" srcset=\"https:\/\/i0.wp.com\/caeterarecords.com\/wp-content\/uploads\/2024\/09\/NEW_SINGLE_AVAILABLE_NOW_FLYER_TEMPLATE_-_Fait_avec_PosterMyWall__1_-removebg-preview.png?w=500&amp;ssl=1 500w, https:\/\/i0.wp.com\/caeterarecords.com\/wp-content\/uploads\/2024\/09\/NEW_SINGLE_AVAILABLE_NOW_FLYER_TEMPLATE_-_Fait_avec_PosterMyWall__1_-removebg-preview.png?resize=300%2C300&amp;ssl=1 300w, https:\/\/i0.wp.com\/caeterarecords.com\/wp-content\/uploads\/2024\/09\/NEW_SINGLE_AVAILABLE_NOW_FLYER_TEMPLATE_-_Fait_avec_PosterMyWall__1_-removebg-preview.png?resize=150%2C150&amp;ssl=1 150w, https:\/\/i0.wp.com\/caeterarecords.com\/wp-content\/uploads\/2024\/09\/NEW_SINGLE_AVAILABLE_NOW_FLYER_TEMPLATE_-_Fait_avec_PosterMyWall__1_-removebg-preview.png?resize=100%2C100&amp;ssl=1 100w\" sizes=\"(max-width: 500px) 100vw, 500px\" \/>\t\t\t\t\t\t\t\t<\/a>\n\t\t\t\t\t\t\t\t\t\t\t\t\t\t\t<\/div>\n\t\t\t\t<\/div>\n\t\t\t\t<div class=\"elementor-element elementor-element-0292b9f elementor-widget-mobile__width-initial elementor-widget elementor-widget-image\" data-id=\"0292b9f\" data-element_type=\"widget\" data-widget_type=\"image.default\">\n\t\t\t\t<div class=\"elementor-widget-container\">\n\t\t\t\t\t\t\t\t\t\t\t\t\t\t\t\t<a href=\"https:\/\/linkbio.co\/DomChris\" target=\"_blank\">\n\t\t\t\t\t\t\t<img loading=\"lazy\" decoding=\"async\" width=\"500\" height=\"500\" src=\"https:\/\/i0.wp.com\/caeterarecords.com\/wp-content\/uploads\/2024\/09\/NEW_SINGLE_AVAILABLE_NOW_FLYER_TEMPLATE_-_Fait_avec_PosterMyWall-removebg-preview.png?fit=500%2C500&amp;ssl=1\" class=\"elementor-animation-float attachment-large size-large wp-image-288\" alt=\"\" \/>\t\t\t\t\t\t\t\t<\/a>\n\t\t\t\t\t\t\t\t\t\t\t\t\t\t\t<\/div>\n\t\t\t\t<\/div>\n\t\t\t\t\t<\/div>\n\t\t\t\t<\/div>\n\t\t<div class=\"elementor-element elementor-element-undefined-2a87740 e-flex e-con-boxed e-con e-parent\" data-id=\"undefined-2a87740\" data-element_type=\"container\">\n\t\t\t\t\t<div class=\"e-con-inner\">\n\t\t<div class=\"elementor-element elementor-element-undefined-5d83fa2 e-flex e-con-boxed e-con e-child\" data-id=\"undefined-5d83fa2\" data-element_type=\"container\">\n\t\t\t\t\t<div class=\"e-con-inner\">\n\t\t\t\t<div class=\"elementor-element elementor-element-undefined-039e2c6 elementor-widget elementor-widget-heading\" data-id=\"undefined-039e2c6\" data-element_type=\"widget\" data-widget_type=\"heading.default\">\n\t\t\t\t<div class=\"elementor-widget-container\">\n\t\t\t\t\t<h1 class=\"elementor-heading-title elementor-size-default\">NOTRE VISION<\/h1>\t\t\t\t<\/div>\n\t\t\t\t<\/div>\n\t\t\t\t<div class=\"elementor-element elementor-element-undefined-2590e8f elementor-widget elementor-widget-text-editor\" data-id=\"undefined-2590e8f\" data-element_type=\"widget\" data-widget_type=\"text-editor.default\">\n\t\t\t\t<div class=\"elementor-widget-container\">\n\t\t\t\t\t\t\t\t\t<p>Notre label de musique ind\u00e9pendant bas\u00e9 \u00e0 Douala au Cameroun, se consacre \u00e0 la promotion de la culture hip-hop. En tant que producteur et \u00e9diteurs, nous soutenons l&#8217;artiste Dom Chris dans son parcours musical, tout en cherchant \u00e0 r\u00e9v\u00e9ler les voix \u00e9mergentes de notre communaut\u00e9.<\/p>\t\t\t\t\t\t\t\t<\/div>\n\t\t\t\t<\/div>\n\t\t\t\t\t<\/div>\n\t\t\t\t<\/div>\n\t\t\t\t\t<\/div>\n\t\t\t\t<\/div>\n\t\t<div class=\"elementor-element elementor-element-17ccebe e-flex e-con-boxed e-con e-parent\" data-id=\"17ccebe\" data-element_type=\"container\">\n\t\t\t\t\t<div class=\"e-con-inner\">\n\t\t\t\t<div class=\"elementor-element elementor-element-4178a30 elementor-widget elementor-widget-image\" data-id=\"4178a30\" data-element_type=\"widget\" data-widget_type=\"image.default\">\n\t\t\t\t<div class=\"elementor-widget-container\">\n\t\t\t\t\t\t\t\t\t\t\t\t\t\t\t<img loading=\"lazy\" decoding=\"async\" width=\"640\" height=\"702\" src=\"https:\/\/i0.wp.com\/caeterarecords.com\/wp-content\/uploads\/2024\/09\/7.jpg?fit=640%2C702&amp;ssl=1\" class=\"attachment-large size-large wp-image-234\" alt=\"\" srcset=\"https:\/\/i0.wp.com\/caeterarecords.com\/wp-content\/uploads\/2024\/09\/7.jpg?w=1080&amp;ssl=1 1080w, https:\/\/i0.wp.com\/caeterarecords.com\/wp-content\/uploads\/2024\/09\/7.jpg?resize=600%2C658&amp;ssl=1 600w, https:\/\/i0.wp.com\/caeterarecords.com\/wp-content\/uploads\/2024\/09\/7.jpg?resize=274%2C300&amp;ssl=1 274w, https:\/\/i0.wp.com\/caeterarecords.com\/wp-content\/uploads\/2024\/09\/7.jpg?resize=934%2C1024&amp;ssl=1 934w, https:\/\/i0.wp.com\/caeterarecords.com\/wp-content\/uploads\/2024\/09\/7.jpg?resize=768%2C842&amp;ssl=1 768w\" sizes=\"(max-width: 640px) 100vw, 640px\" \/>\t\t\t\t\t\t\t\t\t\t\t\t\t\t\t<\/div>\n\t\t\t\t<\/div>\n\t\t\t\t\t<\/div>\n\t\t\t\t<\/div>\n\t\t\t\t<\/div>\n\t\t","protected":false},"excerpt":{"rendered":"<p>NOTRE VISION Notre label de musique ind\u00e9pendant bas\u00e9 \u00e0 Douala au Cameroun, se consacre \u00e0 la promotion de la culture hip-hop. En tant que producteur et \u00e9diteurs, nous soutenons l&#8217;artiste Dom Chris dans son parcours musical, tout en cherchant \u00e0 r\u00e9v\u00e9ler les voix \u00e9mergentes de notre communaut\u00e9.<\/p>\n","protected":false},"author":1,"featured_media":0,"parent":0,"menu_order":0,"comment_status":"closed","ping_status":"closed","template":"","meta":{"om_disable_all_campaigns":false,"_monsterinsights_skip_tracking":false,"_monsterinsights_sitenote_active":false,"_monsterinsights_sitenote_note":"","_monsterinsights_sitenote_category":0,"footnotes":""},"aioseo_notices":[],"jetpack_sharing_enabled":true,"_links":{"self":[{"href":"https:\/\/caeterarecords.com\/index.php\/wp-json\/wp\/v2\/pages\/182"}],"collection":[{"href":"https:\/\/caeterarecords.com\/index.php\/wp-json\/wp\/v2\/pages"}],"about":[{"href":"https:\/\/caeterarecords.com\/index.php\/wp-json\/wp\/v2\/types\/page"}],"author":[{"embeddable":true,"href":"https:\/\/caeterarecords.com\/index.php\/wp-json\/wp\/v2\/users\/1"}],"replies":[{"embeddable":true,"href":"https:\/\/caeterarecords.com\/index.php\/wp-json\/wp\/v2\/comments?post=182"}],"version-history":[{"count":34,"href":"https:\/\/caeterarecords.com\/index.php\/wp-json\/wp\/v2\/pages\/182\/revisions"}],"predecessor-version":[{"id":370,"href":"https:\/\/caeterarecords.com\/index.php\/wp-json\/wp\/v2\/pages\/182\/revisions\/370"}],"wp:attachment":[{"href":"https:\/\/caeterarecords.com\/index.php\/wp-json\/wp\/v2\/media?parent=182"}],"curies":[{"name":"wp","href":"https:\/\/api.w.org\/{rel}","templated":true}]}}